base 9) to base 13.
5349b
-214421034 (base 5) to base 16
-e4759
What is 56528 (base 14) in base 11?
13349a
Convert 14540410 (base 6) to base 2.
1111100101100110110
What is -a3d53 (base 14) in base 2?
-1100000011100000101
What is 10000111010001111 (base 2) in base 16?
10e8f
What is 10212221220 (base 3) in base 15?
17a10
-14b04c (base 15) to base 7
-11330514
-32346542 (base 7) to base 16
-2a3d9d
-45aa75 (base 11) to base 5
-141411021
What is -10001001100000011110 (base 2) in base 8?
-2114036
Convert 2684c (base 16) to base 6.
3214232
-155253023 (base 6) to base 5
-1323212041
-72726 (base 14) to base 13
-986cb
Convert -31142205 (base 6) to base 16.
-dbb5d
-1304140231 (base 5) to base 16
-30b967
What is -414241 (base 5) in base 9?
-20707
12112541 (base 7) to base 15
164a8e
What is -4cc381 (base 13) in base 3?
-10111020102021
1021200221101112 (base 3) to base 5
14210114142
Convert 18157e (base 16) to base 8.
6012576
220001220121 (base 3) to base 14
c493b
-12221012111222 (base 3) to base 10
-3153302
1908a8 (base 15) to base 3
2021211100112
-23101331 (base 4) to base 2
-1011010001111101
-203302130301 (base 4) to base 3
-122122122020200
Convert 126835 (base 9) to base 4.
102312221
-13310323331 (base 4) to base 10
-2051837
Convert 100522304 (base 6) to base 2.
110100100010100100000
56c5 (base 13) to base 15
390a
Convert -12220020133 (base 4) to base 6.
-101122451
Convert -12105242 (base 8) to base 6.
-132540334
2340612 (base 8) to base 10
639370
Convert 2dd7c (base 16) to base 4.
231311330
-56193 (base 10) to base 11
-39245
-2344001040 (base 5) to base 16
-5335d6
What is -17534316 (base 8) in base 6?
-224034142
What is -1762865 (base 9) in base 7?
-11245361
What is -142764 (base 9) in base 10?
-87376
What is -3076073 (base 9) in base 3?
-10002120002110
Convert 38245 (base 11) to base 13.
1bc82
Convert 11826720 (base 10) to base 8.
55073040
-4650340 (base 7) to base 4
-2032133002
Convert -5230 (base 12) to base 15.
-29c9
-5527a07 (base 11) to base 16
-940ddc
What is b6c8 (base 13) in base 9?
37681
Convert -10105150 (base 8) to base 10.
-2132584
20330102 (base 4) to base 10
36626
98abd (base 15) to base 3
220122100221
What is -21286 (base 12) in base 6?
-533450
31210855 (base 9) to base 3
1001020100221212
-f2ad5 (base 16) to base 11
-6198a1
Convert -100012100210100 (base 3) to base 10.
-4888521
Convert -314255511 (base 6) to base 4.
-111011302003
Convert 791164 (base 15) to base 7.
100041400
What is 1253664 (base 7) in base 8?
501435
Convert -1630354 (base 7) to base 11.
-144786
Convert 7b3e (base 16) to base 15.
9535
417031 (base 12) to base 7
11511442
Convert 3606123 (base 8) to base 3.
1212002210202
What is -14242 (base 15) in base 11?
-44621
Convert -13222232 (base 4) to base 9.
-47065
Convert -444a38 (base 11) to base 3.
-1100001000222
What is -21320300 (base 6) in base 7?
-5243121
-17367 (base 15) to base 8
-222416
What is -101052452 (base 6) in base 9?
-3231645
What is -264cc (base 14) in base 3?
-11210022010
Convert 202031321 (base 5) to base 14.
172c0a
100110000010011110110 (base 2) to base 7
13410656
Convert -211221220122222 (base 3) to base 16.
-ba2f1e
Convert 11035544 (base 6) to base 12.
13bbb4
What is 1121431 (base 5) in base 8?
47421
-10011100011101101 (base 2) to base 6
-1414513
Convert -27739 (base 12) to base 4.
-31111131
What is -20131344133 (base 5) in base 13?
-424928c
-69279 (base 14) to base 2
-111110011011001011
What is -ab42a (base 13) in base 4?
-1023303121
What is -236be (base 15) in base 2?
-11011100100001000
What is -1f7d1 (base 16) in base 15?
-28337
-140664 (base 12) to base 9
-556354
Convert -64701560 (base 8) to base 2.
-110100111000001101110000
-152122 (base 6) to base 13
-6929
What is 100100000100110110 (base 2) in base 14?
3bbca
What is 10212211220201 (base 3) in base 13?
573460
Convert 39a578 (base 11) to base 14.
1252b0
What is 11340145 (base 6) in base 4?
1112231201
What is -1022113 (base 10) in base 2?
-11111001100010100001
What is 1101102120020 (base 3) in base 6?
23442353
Convert 21fdea (base 16) to base 8.
10376752
Convert 51421562 (base 7) to base 13.
b7ab38
-1239799 (base 13) to base 6
-321354304
2043101324 (base 5) to base 14
7d1a60
What is -350253545 (base 6) in base 15?
-879762
Convert -1342719 (base 10) to base 8.
-5076377
What is -235532312 (base 6) in base 15?
-5d61ab
Convert -5a9068 (base 11) to base 16.
-eb486
Convert -20112111211000 (base 3) to base 13.
-9484b3
112321122 (base 4) to base 7
540300
Convert -790582 (base 10) to base 4.
-3001000312
316631 (base 9) to base 8
560264
What is -133443400 (base 5) in base 16?
-a7cf6
-2a7363 (base 12) to base 4
-2233030323
What is -101210012 (base 4) in base 3?
-10122200112
-1ea06d (base 16) to base 5
-1003212044
-1460345 (base 7) to base 12
-9751b
What is -13120061 (base 9) in base 12?
-21b043a
Convert -101111011010100100110 (base 2) to base 15.
-20a552
Convert 20b177 (base 13) to base 14.
15d752
-100011110110110110 (base 2) to base 7
-1151123
1211102001 (base 3) to base 8
106263
-a308 (base 12) to base 9
-26268
Convert 34511 (base 10) to base 6.
423435
Convert -525642 (base 8) to base 14.
-47aca
2012102122002 (base 3) to base 16
11d971
What is 7fde (base 16) in base 3?
1122220101
Convert 10122110210111 (base 3) to base 5.
444011022
126364a (base 14) to base 9
17571238
Convert 583024 (base 9) to base 4.
1111123312
What is -333135 (base 8) in base 3?
-12200221100
What is 102201212101 (base 3) in base 9?
381771
4304103 (base 5) to base 16
11ad3
Convert 2346102 (base 7) to base 2.
1001000100111011000
What is 38a4252 (base 11) in base 7?
111263145
a0dd9 (base 15) to base 16
7c5c3
3348 (base 9) to base 8
4652
Convert -475280 (base 10) to base 7.
-4016441
Convert a88ba (base 14) to base 15.
80c99
What is -da48 (base 14) in base 3?
-1220201011
-11214312 (base 5) to base 6
-2100315
1426502 (base 8) to base 13
112338
Convert -1102012201120 (base 3) to base 9.
-1365646
What is -10a169 (base 11) in base 5?
-21041212
Convert 1807296 (base 11) to base 6.
145443133
1101110110101101101111 (base 2) to base 5
1412210413
Convert -21655006 (base 7) to base 3.
-10112110220211
Convert 2110244310 (base 5) to base 10.
4384330
What is -aa0b3 (base 12) in base 7?
-1624215
What is d4831 (base 15) in base 8?
2443277
Convert 274760 (base 8) to base 2.
10111100111110000
What is -20313031 (base 5) in base 6?
-3323253
Convert 1f73d (base 16) to base 9.
215643
Convert -6cd69 (base 16) to base 11.
-284a34
Convert -3203331321 (base 4) to base 8.
-3437571
Convert 4a9186 (base 12) to base 10.
1218486
What is -9602102 (base 10) in base 4?
-210220100312
Convert 165b3c (base 13) to base 4.
2013220202
What is 7796 (base 12) in base 11?
9a27
Convert -23433653 (base 7) to base 5.
-1012411300
What is -112321130 (base 4) in base 3?
-11202122122
46478 (base 11) to base 3
10102001220
Convert -212012012012112 (base 3) to base 15.
-1136e52
224531c (base 13) to base 15
dcc945
Convert 35e95 (base 15) to base 4.
222000020
What is -3329a6a (base 11) in base 15?
-7a573d
534183 (base 9) to base 6
10452120
Convert -12576 (base 8) to base 15.
-196c
Convert 9bc9b5 (base 13) to base 8.
16033001
Convert 10001101011010010011 (base 2) to base 11.
3661a3
Convert -121a3a7 (base 11) to base 16.
-20616e
Convert 1700210 (base 9) to base 12.
396a23
What is -11740293 (base 10) in base 8?
-54622205
13440241 (base 5) to base 3
21010010211
What is -858013 (base 10) in base 7?
-10202332
240355521 (base 6) to base 14
85586d
What is -4bd543 (base 14) in base 4?
-21331112113
What is 4025242 (base 6) in base 10?
190394
211365 (base 7) to base 2
1000111011001000
Convert 1c6ac (base 16) to base 5.
12211041
What is -379a60 (base 11) in base 15?
-bc6b5
What is -32071 (base 15) in base 14?
-41bbd
Convert 2c367 (base 13) to base 15.
19da3
Convert -213332133331 (base 4) to base 9.
-21642284
-39d653 (base 15) to base 16
-2a67ad
300233012 (base 4) to base 11
126a85
What is 121112232001 (base 4) in base 11?
382a806
What is -110012201012201 (base 3) in base 14?
-c0d0ac
What is 332101551 (base 6) in base 13?
1314c82
Convert 12635562 (base 7) to base 3.
2012101102020
What is -3003422020 (base 5) in base 11?
-3383a85
What is -458744 (base 9) in base 14?
-72544
What is 21202220013 (base 4) in base 16?
262a07
Convert -1013345545 (base 6) to base 